5
What is the remainder when 4529 is divided by 2306?
2223
Calculate the remainder when 56301 is divided by 1084.
1017
What is the remainder when 6785 is divided by 1114?
101
Calculate the remainder when 2477516 is divided by 77412.
332
What is the remainder when 655011818 is divided by 3927?
3926
What is the remainder when 465967474 is divided by 9379?
9375
What is the remainder when 57477866 is divided by 45?
41
What is the remainder when 41662255 is divided by 3247?
3245
What is the remainder when 13497515 is divided by 1823?
23
What is the remainder when 4001401 is divided by 364?
313
Calculate the remainder when 657095 is divided by 9663.
11
What is the remainder when 354086 is divided by 313?
83
Calculate the remainder when 19090 is divided by 931.
470
What is the remainder when 1629274658 is divided by 5778?
5774
What is the remainder when 8370895 is divided by 184?
183
What is the remainder when 294282 is divided by 147128?
26
What is the remainder when 229229 is divided by 2162?
57
Calculate the remainder when 66364 is divided by 4403.
319
What is the remainder when 640909 is divided by 37690?
179
Calculate the remainder when 166042053 is divided by 27.
18
What is the remainder when 18185878 is divided by 47?
27
What is the remainder when 95682181 is divided by 5058?
5053
Calculate the remainder when 11766 is divided by 523.
260
What is the remainder when 27822854 is divided by 1004?
6
Calculate the remainder when 4201379 is divided by 18.
17
What is the remainder when 32503 is divided by 6180?
1603
What is the remainder when 2817872 is divided by 405?
287
Calculate the remainder when 438827 is divided by 145621.
1964
Calculate the remainder when 260173 is divided by 85806.
2755
Calculate the remainder when 46048564 is divided by 236.
8
What is the remainder when 867009 is divided by 8757?
66
What is the remainder when 1334760 is divided by 29635?
1185
What is the remainder when 2653763 is divided by 268?
27
Calculate the remainder when 384548 is divided by 5353.
4485
What is the remainder when 41028 is divided by 2675?
903
What is the remainder when 25211385 is divided by 321?
45
Calculate the remainder when 182156 is divided by 1705.
1426
Calculate the remainder when 161832402 is divided by 373.
11
What is the remainder when 2059374 is divided by 1471?
1445
What is the remainder when 912328 is divided by 304092?
52
What is the remainder when 17005170 is divided by 3930?
60
What is the remainder when 415406 is divided by 138301?
503
What is the remainder when 2559849 is divided by 2973?
96
Calculate the remainder when 1674541 is divided by 2189.
2145
What is the remainder when 303763 is divided by 99799?
4366
Calculate the remainder when 1198960 is divided by 5.
0
What is the remainder when 135572 is divided by 44086?
3314
Calculate the remainder when 16953 is divided by 7579.
1795
Calculate the remainder when 707779 is divided by 1071.
919
Calculate the remainder when 183054 is divided by 2315.
169
What is the remainder when 575177 is divided by 278?
273
What is the remainder when 14423770 is divided by 4807919?
13
Calculate the remainder when 26340644 is divided by 5268114.
74
Calculate the remainder when 6482932 is divided by 179.
89
What is the remainder when 28085204 is divided by 184?
180
Calculate the remainder when 3315309 is divided by 4676.
25
Calculate the remainder when 851265 is divided by 941.
601
Calculate the remainder when 842129 is divided by 156.
41
What is the remainder when 17674 is divided by 1362?
1330
Calculate the remainder when 2035237 is divided by 1082.
1077
Calculate the remainder when 1227761 is divided by 599.
410
What is the remainder when 539489 is divided by 2057?
555
Calculate the remainder when 7882 is divided by 7845.
37
What is the remainder when 81146792 is divided by 1479?
1457
What is the remainder when 634472 is divided by 928?
648
Calculate the remainder when 110345 is divided by 22057.
60
Calculate the remainder when 653460 is divided by 326710.
40
Calculate the remainder when 50226 is divided by 2422.
1786
What is the remainder when 1553022 is divided by 157?
135
Calculate the remainder when 1415888 is divided by 707909.
70
Calculate the remainder when 245418 is divided by 81.
69
What is the remainder when 28501815 is divided by 1052?
1031
Calculate the remainder when 4700179 is divided by 728.
211
What is the remainder when 2100960 is divided by 256?
224
What is the remainder when 47795 is divided by 1836?
59
What is the remainder when 182260 is divided by 114?
88
Calculate the remainder when 91562538 is divided by 339.
333
Calculate the remainder when 19002 is divided by 2146.
1834
Calculate the remainder when 54029 is divided by 2148.
329
What is the remainder when 4078558 is divided by 99476?
42
Calculate the remainder when 1513272 is divided by 1107.
3
What is the remainder when 169523 is divided by 1489?
1266
What is the remainder when 144001 is divided by 4504?
4377
What is the remainder when 311185 is divided by 102492?
3709
What is the remainder when 7519642 is divided by 2079?
1978
Calculate the remainder when 10125026 is divided by 147.
107
What is the remainder when 15438836 is divided by 93005?
6
What is the remainder when 3256163 is divided by 3256090?
73
Calculate the remainder when 954355 is divided by 235.
20
What is the remainder when 59906574 is divided by 657?
0
What is the remainder when 965081 is divided by 196?
173
Calculate the remainder when 30678067 is divided by 1804587.
88
What is the remainder when 3078986 is divided by 57?
17
Calculate the remainder when 87135 is divided by 1502.
19
What is the remainder when 23049148 is divided by 373?
359
Calculate the remainder when 172530 is divided by 4417.
267
Calculate the remainder when 244826 is divided by 182.
36
Calculate the remainder when 56491 is divided by 2676.
295
What is the remainder when 86485 is divided by 1924?
1829
Calculate the remainder when 19657005 is divided by 144.
141
Calculate the remainder when 567151375 is divided by 591.
589
Calculate the remainder when 13671206 is divided by 723.
722
Calculate the remainder when 2782875 is divided by 2782869.
6
What is the remainder when 176519 is divided by 6356?
4907
What is the remainder when 667048 is divided by 1648?
1256
What is the remainder when 474554 is divided by 235721?
3112
What is the remainder when 2293943 is divided by 53?
50
What is the remainder when 9173868 is divided by 4309?
7
What is the remainder when 5168920 is divided by 75?
70
Calculate the remainder when 76556536 is divided by 587.
583
What is the remainder when 113886 is divided by 137?
39
What is the remainder when 3999179 is divided by 6710?
19
What is the remainder when 90874460 is divided by 1196?
1184
Calculate the remainder when 3722516 is divided by 134.
130
Calculate the remainder when 13787592 is divided by 85.
82
Calculate the remainder when 45213275 is divided by 24.
11
What is the remainder when 3898690 is divided by 47?
40
Calculate the remainder when 39097 is divided by 1743.
751
Calculate the remainder when 1922549 is divided by 222.
29
Calculate the remainder when 24998789 is divided by 2986.
2983
Calculate the remainder when 4149356 is divided by 68.
64
Calculate the remainder when 115488225 is divided by 12.
9
Calculate the remainder when 21762282 is divided by 15.
12
Calculate the remainder when 599020697 is divided by 199673565.
2
What is the remainder when 9211225 is divided by 3786?
3673
Calculate the remainder when 6812249 is divided by 50.
49
Calculate the remainder when 7032841 is divided by 439550.
41
What is the remainder when 5122320 is divided by 352?
16
Calculate the remainder when 24972556 is divided by 4328.
4324
Calculate the remainder when 425495614 is divided by 26.
24
What is the remainder when 346355 is divided by 433?
388
What is the remainder when 18155966 is divided by 18?
14
Calculate the remainder when 75002305 is divided by 1311.
1306
What is the remainder when 14132539 is divided by 139?
131
What is the remainder when 4299994 is divided by 252940?
14
Calculate the remainder when 54630 is divided by 25122.
4386
What is the remainder when 427404 is divided by 98?
26
Calculate the remainder when 8758101 is divided by 673697.
40
Calculat